digit of (-96198)/(-22) + 456/1254?
7
Let i(q) = -4*q**3 + 4*q**2 - 14*q + 3. What is the units digit of i(-5)?
3
Let v(x) = x**2 + 6*x + 2. Let d be v(-7). Let k = d + -1. Let t(u) = u**2 + u - 20. What is the units digit of t(k)?
2
Suppose 186*y - 161*y = 25350. What is the units digit of y?
4
Suppose 7*z - 5*y - 90 = 2*z, 3*z = -4*y + 47. Let p = z + -32. What is the units digit of 219/p*(0 - 5)?
3
What is the hundreds digit of 10/35 + (-116250)/(-70)?
6
Suppose 5*t = -2*r + 2986, 2*r - 1 + 5 = 0. Let q = -419 + t. What is the tens digit of q?
7
Let m(q) = 82*q - 84. What is the tens digit of m(5)?
2
Let x = 20 - 11. Let w = x + -5. What is the units digit of w?
4
Let j(m) = m**3 + 14*m**2 - 2*m - 2. Let c be j(-7). Suppose 5 + c = 5*w. What is the units digit of w?
2
Suppose 0 = 3*n - 9, -n + 0*n = -5*c + 457. Let v = c + -38. What is the tens digit of v?
5
Let d = -437 - -452. Let h be (13/3)/(1/(-3)). Let a = d + h. What is the units digit of a?
2
Suppose -5*z + 6*z = 6*l + 4361, -4352 = -z + 3*l. What is the units digit of z?
3
What is the thousands digit of (-6)/4*(25 - 1117)?
1
Let o(b) be the first derivative of -19*b**2 - 7*b - 6. What is the units digit of o(-4)?
5
Let c(n) = -n**2 + 14*n + 9. Let r be c(15). Let k be (-42)/(-5) - r/(-15). Suppose 3*m + m - k = 0. What is the units digit of m?
2
Let s = -2195 - -5612. What is the thousands digit of s?
3
Suppose 0 = 2*d - 25*q + 23*q - 426, -d = 3*q - 221. What is the units digit of d?
5
Let t(s) = 15*s + 286. What is the hundreds digit of t(21)?
6
Let n = -48 - -32. Let l(a) = -4*a - 19. Let h be l(-6). Let q = h - n. What is the units digit of q?
1
Suppose 9 = d - 5*d - 5*s, 4*d - 5*s - 1 = 0. Let u = 3 + d. Suppose -u*o + 34 = -0*o. What is the units digit of o?
7
Let o = -20 + 49. Suppose -5*y + 9 + 0 = 4*r, -5*y + o = -r. Suppose 0 = y*n - 60. What is the tens digit of n?
1
Let v = 9 + -5. Let m = v - -1. Suppose -m*b + 33 = -77. What is the units digit of b?
2
Let d = 35 - 31. Suppose d*v = 3*v + 5, -4*f = -v - 263. What is the units digit of f?
7
Suppose 0 = 3*t - f + 3*f - 7, -3*f - 12 = 0. What is the units digit of (-86)/(-18) - t - 2884/(-18)?
0
Let i(j) = 6*j**2 - 30*j + 118. What is the tens digit of i(-16)?
3
Let b be 2606/4 + 6*5/60. Suppose 4 + b = 4*c. What is the units digit of c?
4
Let p(g) = -g**2 - 11*g - 10. Suppose 0 = -4*y - 3*d - 28, 4*y + 2*d + 20 = -3*d. Let f be p(y). Suppose m + 0 - 3 = f. What is the units digit of m?
3
Suppose 668 = 5*m + 4*k, 5*k - 2 = 4*k. Suppose 16*d - 25 = 11*d. Suppose -7 + m = d*l. What is the units digit of l?
5
Suppose 0 = -10*t + 39349 - 9349. What is the tens digit of t?
0
Let y = 480 - -1257. What is the tens digit of y?
3
Let t(z) be the third derivative of -z**6/120 + 7*z**5/60 + 5*z**4/24 - 3*z**3/2 - 9*z**2. What is the tens digit of t(6)?
5
Let k(h) = 335*h**2 - 31*h - 62. What is the thousands digit of k(-2)?
1
Suppose -55*c = 2*c - 195510. What is the hundreds digit of c?
4
Let t(r) = -91*r + 88. What is the hundreds digit of t(-9)?
9
Let n(a) = -a**3 + 14*a**2 - 16*a + 1. Let r be n(12). Suppose 123 = -5*t - r. Let o = t - -62. What is the tens digit of o?
1
Let a = 372 - 282. What is the units digit of a?
0
Suppose -5*y - 3*b + 540 = -166, 4*y = -b + 569. Let p = 224 - y. Suppose -3*t = -3*u + p, 2*u + 0*u - 63 = 5*t. What is the tens digit of u?
2
Let b(g) = -146*g - 104. What is the units digit of b(-15)?
6
Suppose 4*b + 2190 = 7*b. Suppose 15*a - 10*a = b. What is the tens digit of a?
4
Let t = 388 - -611. What is the tens digit of t?
9
Let f(v) = 3*v**3 - v**2 + v - 21. Let s(o) = -10*o**3 + 4*o**2 - 3*o + 63. Let u(l) = -7*f(l) - 2*s(l). What is the tens digit of u(0)?
2
Suppose 3*d - 30 = -2*d + 5*p, 4*d = 2*p + 16. Suppose -4*o - o - d*z - 8 = 0, o + 3*z - 1 = 0. Let n(l) = -7*l**3. What is the tens digit of n(o)?
5
Suppose 2*x + 3*p = 4*p - 1468, 5*x + 2*p = -3688. What is the tens digit of (12/8 + 0)*x/(-12)?
9
Let c = -4353 - -7982. What is the thousands digit of c?
3
Let z(p) = -5 + 0 + 4 - 3*p**3 - p. Let d be z(-1). Suppose -51 = -d*r - 2*j - j, -2*r + 58 = -4*j. What is the tens digit of r?
2
Suppose -29*k - 25 = -24*k. Let q be 7/(140/(-8))*k. What is the units digit of 4/q + (4 - -1)?
7
Suppose 37 - 122 = 5*b + 3*j, 0 = 2*j. What is the hundreds digit of (b - 0)/(26/(-12) + 2)?
1
Suppose -5*y + 2*y + 714 = 0. What is the tens digit of 0/(-3) + y/7?
3
Suppose 0 = 161*m - 168*m + 2751. What is the tens digit of m?
9
Let z(t) = -t**2 - 6*t - 3. Let w be z(-5). Let s be w - (0 - (-2 + -23)). What is the units digit of 8/(-2) + (1 - s)?
0
Let g = -884 - -1181. What is the tens digit of g?
9
Suppose -11*t + 12720 = 19*t. What is the tens digit of t?
2
Let g(t) = 6*t**2 - 11*t - 4. Let r(b) = -b**2 + b. Let i(w) = -g(w) - 5*r(w). What is the units digit of i(6)?
4
What is the hundreds digit of 24*(-64)/(-12) - (5 - 3)?
1
Let x = -8169 - -14750. What is the thousands digit of x?
6
Let g(a) = 2*a**2 - 8*a + 6. Suppose -8*d + 9*d = 6. What is the tens digit of g(d)?
3
Let o(y) = y**3 + 14*y**2 - y - 17. Let h be o(-14). What is the units digit of ((-86)/(-3))/((-1)/h)*1?
6
Let g(m) = m**3 - 29*m**2 - 17*m + 40. Let l be g(30). Suppose 5*c = -4*a + 928, -4*c = -3*a + l + 297. What is the units digit of a?
7
Let k = 2112 + -836. What is the tens digit of k?
7
Let o be (-24)/(-13) + (-16)/(-104). Let v be (-2 - -3) + 22/o. What is the units digit of (-2)/(-2 - (-23)/v)?
4
Let m(t) = 31*t**3 - 6*t**2 + 9*t. What is the hundreds digit of m(3)?
8
Let s(l) = -l**2 - 15*l - 17. Let t = 9 - -43. Suppose -r - t = 3*r. What is the units digit of s(r)?
9
Suppose 0 = 3*k - o - 113 - 13, -k - 5*o = -26. What is the units digit of k?
1
Suppose 13*q - 4973 - 578 = 0. What is the tens digit of q?
2
Suppose 0 = 8*h - h - 245. Let k = 109 - h. What is the tens digit of k?
7
Let y = -8 + 14. Let f(m) = m**3 - 4*m**2 - 10*m + 7. What is the tens digit of f(y)?
1
Let i be 8/(-14) - (-256)/56. Suppose -844 = -3*g - 3*q + q, -i*q + 288 = g. What is the units digit of g?
0
Suppose -3100 = 32*j - 37*j. What is the tens digit of j?
2
Suppose 274 = -i - 2*f + 67, -4*i - 3*f - 838 = 0. Let l = i - -346. Suppose -l = -5*g - 10. What is the tens digit of g?
2
Let u = -166 + 613. What is the units digit of u?
7
Suppose 4*a = 4*q - 1048, 1669 = 5*q - 2*a + 365. What is the hundreds digit of q?
2
Let b be 6*-2*20/(-48). Let r = 9 - b. Suppose 0*a - 2*a = -r. What is the units digit of a?
2
Let u(r) = 61*r + 8. What is the hundreds digit of u(15)?
9
Let g = 3004 - 558. What is the tens digit of g?
4
Suppose 4*w + 3 = t, -4*t = 3*w - 0*t - 12. Suppose f + w = -1. Let p(g) = 33*g**2 + g + 1. What is the tens digit of p(f)?
3
Suppose 6*y + 2*l - 30 = y, y + 4*l - 24 = 0. Suppose 0*t + 3*t = 15. Suppose -t*h + y = -g, -4*h - 7 = -19. What is the units digit of g?
1
Suppose 23 = 7*i - 5. Suppose 2*t + 2 = i. What is the units digit of (-2184)/(-120) + t/(-5)?
8
Let z be 0*5/20 + 2. Suppose -2*s - l + 342 = z*s, 4*s = 2*l + 348. What is the units digit of s?
6
Let l(p) = 14*p**2 + p - 1. Let r be l(1). Suppose -6*w + w + 325 = 5*c, 5*c - 2*w - 325 = 0. Suppose s = -r + c. What is the units digit of s?
1
Let i(s) = s**2 - 12*s + 17. Let x be i(11). Let c(t) = t**3 - 3*t**2 - 4*t - 19. What is the tens digit of c(x)?
6
Let i(q) = -155*q + 90. What is the thousands digit of i(-19)?
3
Let f(x) = 2*x**2 + 13*x - 45. What is the units digit of f(5)?
0
Suppose -4*p + 22 = -0*h - 2*h, -5*p = -3*h - 30. What is the tens digit of 12/9*p + 10?
1
Let l(r) = 3*r - 11. Let m be l(5). Suppose -m*w + 3*w = -126. Suppose -w - 139 = -5*q. What is the units digit of q?
3
Suppose 0 = 4*y - 6*n + 10*n - 364, 170 = 2*y - 2*n. What is the units digit of y?
8
Suppose 0 = v - 7 + 5. Suppose -54 = 4*z - v*z. Let c = 61 + z. What is the tens digit of c?
3
Let i(o) = -80*o - 218. What is the thousands digit of i(-17)?
1
Suppose -1707 + 4875 = 9*b. What is the units digit of b?
2
Suppose 0 = j + 6*j - 35. What is the tens digit of (-2)/(j/(-164 - 1))?
6
Let n(f) = -2 + 6*f**2 + f + f + f**2. Let i be n(2). Suppose i = -l + 6*l. What is the units digit of l?
6
Let d(g) = -g**2 + 25*g + 31. Let k be d(26). Suppose -4*p + k*l + 244 = l, -5*l + 5 = 0. What is the tens digit of